-2 + -6 - -12).
-7
Calculate -3 - (0 + 3 + 1 + -9).
2
-1 + -1 + 1 + 6
5
Evaluate (5 - -7) + (-6 - 4).
2
Evaluate 1 + -3 - -10 - (9 + -6).
5
Evaluate 0 + 1 - (-4 + 9).
-4
Calculate -9 + (-2 - -6) + 8.
3
Calculate 17 + -15 + (1 - (-2 - 1)).
6
Evaluate -8 + 15 - (-7 - -8).
6
What is the value of -2 + (2 - (2 + -2 + -6))?
6
9 - (-14 + 7 - -21)
-5
What is (10 - 3) + -2 + 0?
5
-3 - ((-6 - -2) + (1 - 1))
1
2 - 2 - 1 - 2
-3
What is the value of 7 - (-5 + 7) - (0 - -4)?
1
Evaluate (-15 - 1) + (-30 - -37).
-9
-3 + (5 - -5) + -5
2
Evaluate (-2 - -1) + -8 + 1.
-8
What is the value of 4 - (2 - -1 - 2)?
3
What is the value of -13 - -7 - (1 + -2)?
-5
What is (-3 - (1 - 0)) + 2 - 0?
-2
What is 1 + 13 + (-90 - -80)?
4
What is the value of -5 + (1 - (-10 + 5))?
1
-5 + 3 + -2 - -7
3
5 - (4 + -5) - (1 - -4)
1
Evaluate (-10 - (0 + -13)) + (-1 - -4).
6
Calculate 2 + -12 - -6 - -7.
3
0 - (2 + (-1 - 3) - 3)
5
What is the value of (-13 - -15) + -1 + -2 + 1?
0
Calculate 10 + -8 + -2 + 0.
0
43 + -53 - (-4 - 1)
-5
What is -10 + (-9 - (-19 - 3))?
3
1 - 0 - (-3 + 1) - 2
1
Evaluate (21 - (26 + -5)) + 0 + -4.
-4
Calculate -8 - -5 - (2 + -7 + -1).
3
What is 12 - (-1 - (-5 - 1))?
7
What is the value of -1 + -12 + 5 + 8?
0
What is 2 + (-1 - (2 - 5)) + -5?
-1
Evaluate 7 - (0 - -23 - 9).
-7
Evaluate (-43 - -37) + 0 + 1.
-5
-19 + 15 - (-4 - 1)
1
Calculate 2 + (-8 - (-6 - -4)) + 1.
-3
What is -5 - ((-8 - -11) + -7)?
-1
Evaluate (2 - 0) + (-1 + 1 - 1).
1
Evaluate 6 - (1 + (-1 - -9 - 3)).
0
What is (6 - 0 - (1 - -3)) + 3?
5
What is the value of (-3 + -4 - -6) + -2?
-3
2 - (-5 + 3) - (-12 + 9)
7
What is the value of (4 - (-1 - -3)) + 1?
3
Evaluate (0 - -3) + 20 + -24.
-1
Calculate 1 - 14 - -3 - (-4 - 0).
-6
What is the value of 1 - 10 - (210 - 215)?
-4
What is the value of (2 - (1 - 3)) + -6 + 3?
1
Calculate 2 + 4 + -11 - -2.
-3
What is (-4 - (-2 + 3)) + 3?
-2
What is the value of 2 + -3 + 0 - 2?
-3
-3 + (-9 - -2) + (9 - 4)
-5
What is -17 + 21 - (4 + 0)?
0
Calculate -4 + (-5 - (-8 - 2)).
1
Calculate 0 + (3 + -2 - 3).
-2
What is the value of 6 - 2 - (5 + -7 - -5)?
1
What is the value of -2 + (4 - (4 - 0))?
-2
-7 - (5 + (-6 - 6))
0
What is 1 - ((7 + -3 - 1) + -2)?
0
What is 0 + 6 + -2 + -2 - 2?
0
Evaluate 0 + 6 + 29 + -34.
1
What is the value of -37 + 38 + (4 - 3 - -3)?
5
What is -5 - -5 - (-2 + 0)?
2
What is (1 - -4) + -1 + 4 + -3?
5
0 - (3 - -3 - 1)
-5
What is (1 - (6 - -1)) + 0?
-6
What is -4 + (1 - (1 - 3)) + 0?
-1
What is the value of -10 + 19 + -2 + (-1 - 1)?
5
Evaluate 6 + -6 + 5 + -3.
2
Calculate 2 + 0 - (13 - 9).
-2
Calculate -4 + -1 + (1 - -8).
4
Evaluate (4 - (-2 - (5 + -13))) + -4.
-6
5 + -3 - 1 - (4 + -1)
-2
What is the value of -2 + 2 + -2 + -1 + 12?
9
(1 + 2 - 1) + -3 - 0
-1
Calculate (140 - 121) + -13 + -2.
4
Calculate 0 + 7 + -5 + 3.
5
Calculate 9 + 2 - (-4 - -18).
-3
Evaluate (17 - 8) + -19 + 7.
-3
4 + -7 + 3 - (-1 + 2)
-1
1 + (0 - -2) + -381 + 373
-5
What is 8 + (8 - 25) + 9?
0
What is the value of 5 + -8 + 5 - (4 - 0)?
-2
Evaluate -3 + -1 + (-5 - -10).
1
What is the value of 0 + (-8 - -4 - -6)?
2
Evaluate -12 + (-13 - -8) + 19.
2
Evaluate -2 + 0 + 2 + -9 + 5.
-4
What is -4 + -3 + -11 + 19?
1
Calculate (57 - 56) + (0 - (1 + -2)).
2
What is the value of -6 + 4 - 1 - (-3 - -1)?
-1
What is -3 - 1 - (3 + -5)?
-2
-4 + (-9 - -6) - -14
7
Calculate (-11 - -2) + 5 + -1 + 0.
-5
Evaluate 2 - (-5 + 8 + -4 + 1).
2
Evaluate (4 - 5 - -1) + 3.
3
What is (0 - 0) + 9 + -10?
-1
-3 + -1 + 5 + -4
-3
Calculate 5 + 12 + -10 - 10.
-3
Calculate (1 - -3) + -1 + -7 + -1.
-5
What is the value of 5 + -5 + 4 + 1?
5
Evaluate -9 + 10 + -6 + -4.
-9
What is 3 + -1 - -1 - (0 - 1)?
4
What is the value of -1 + 0 + 7 - (1 + 2)?
3
Calculate 4 - -1 - (31 + -28) - 12.
-10
What is the value of -3 + 1 + 2 + -15 + 7?
-8
Evaluate -8 - ((4 - 0) + -6).
-6
What is -5 - (-6 - -1 - 0) - -1?
1
What is the value of -1 - -7 - (9 - (9 - 3))?
3
What is 0 + 4 + -2 + 1?
3
-1 + 0 - (-4 - -6)
-3
Calculate -3 + 2 + 1 + -34 + 32.
-2
Evaluate -7 - ((-8 - -6) + -9).
4
Evaluate 0 + -5 + 1 + -1 + 3.
-2
(-9 - (-4 - 7)) + (4 - 1)
5
1 - (2 + -8 + 5 + -2)
4
What is -37 + 43 + -13 + 1?
-6
Evaluate (-1 - (-4 - 0)) + 0.
3
-5 - (-7 + (8 - 4))
-2
-4 + (4 - (0 - -2)) - 3
-5
Calculate (5 + -11 - -4) + -1.
-3
Calculate (-60 + 57 - (1 - 10)) + -5.
1
Evaluate -9 + (-7 + 7 - -4 - -2).
-3
1 + (-1 - 2) + 9
7
What is the value of 5 + 0 + (-12 - -5)?
-2
What is the value of 19 + -8 - 8 - -1?
4
What is (-2 - (-4 + 1)) + -7 + 1?
-5
Evaluate -2 - -6 - (-4 + 9) - -1.
0
Evaluate -4 - (-12 + 2 - -2) - 1.
3
Evaluate -36 + 42 - (-1 - -13).
-6
-5 + (11 + (1 - 0) - 2)
5
5 - 1 - (7 + 5 + -5)
-3
Evaluate -1 - ((-3 - -5) + -2).
-1
What is the value of -5 - -2 - (17 + -10 - 2)?
-8
What is the value of (19 - (-14 + 29)) + (-2 - 0)?
2
Calculate 4 - (1 - (4 + -5)).
2
What is the value of -7 - (-14 + 0) - 8?
-1
What is (15 - 21) + -1 + 12 - 0?
5
Calculate -2 - (6 + -3 + -3).
-2
Calculate -6 - (-3 + -1) - -4.
2
Calculate 9 + -3 + -12 + (-1 - -5).
-2
What is -5 + (4 + 2 - 1)?
0
What is the value of 0 - (-9 + 2 - -8 - -6)?
-7
4 + -2 + 0 + -10
-8
Evaluate 5 - (13 - 5 - -2).
-5
Evaluate (1 - 3) + -3 - (0 - 0).
-5
(1 - -4) + -3 + 3
5
-147 - -142 - (0 + -13)
8
Calculate 3 + 17 + -12 + -2 + 2.
8
1 - (0 + 0) - -6 - 8
-1
What is 1 + -6 - (-8 - -9) - -2?
-4
What is -1 - ((-3 - -3) + -3 + -1)?
3
-3 - (1 + -4 + -1)
1
What is 7 + -2 + -13 - (-5 - -1)?
-4
(-1 - -1) + -9 + 5
-4
What is the value of 25 + -24 - (2 + 0 + 0)?
-1
-3 + 1 + 0 + 7 + -6
-1
Evaluate 1 - (0 + 5 + -2).
-2
What is the value of 12 - (10 + (11 - 14))?
5
What is -11 + 3 + -10 + -5 + 16?
-7
What is the value of -5 - (-3 - -1) - -5?
2
Calculate -1 + (4 + -3 - (2 - 3)).
1
What is the value of -1 - (-4 - -6) - -3 - 6?
-6
What is the value of -6 - -4 - -5 - 4?
-1
-6 - (-3 + (-8 - 2))
7
Evaluate 0 + 7 - (-3 + (5 - -1)).
4
What is the value of -3 + (-4 - (-17 - -7)) - 0?
3
What is the value of -11 + (-4 - -9) + 7 + 0?
1
2 - (12 + -15 + (0 - 0))
5
What is -7 - (-28 - -13) - (16 + 2)?
-10
What is the value of -9 + 5 + -8 + 7?
-5
What is the value of 6 - -3 - (-19 + 26)?
2
Evaluate 3 + (1 + -1 - (-7 + 11)).
-1
Evaluate (7 - -2 - 4) + -2.
3
What is 1 + 0 + 2 + -2?
1
What is -1 + -4 + 0 + 13?
8
What is the value of -2 - (-3 + 3) - 0?
-2
What is the value of -7 - (2 + -7 + 3 + 3)?
-8
(2 - 3 - 6) + 7 + -3
-3
24 + -24 + 6 + -1
5
Evaluate 9 - 10 - (2 + 2).
-5
Calculate 0 - (0 + 9 - 11).
2
What is the value of 8 + 0 - (48 + -40)?
0
What is 41 + -45 + (2 - (-1 + -4))?
3
-12 + 5 - (-5 + 1 + -4)
1
Calculate -7 + (-2 + 2 - 5 - -8).
-4
Evaluate 10 + (5 - (17 - -9)).
-11
5 - (30 + -9 + -8)
-8
-8 + 12 - (1 - 0)
3
-5 + (-2 - (-2 + -5))
0
Calculate 5 - ((15 - 5) + -5).
0
10 - 10 - -1 - 1
0
What is -10 - 1 - (-27 - -23)?
-7
Evaluate 10 - ((-1 - 10) + 15).
6
What is the value of -1 - (1 + (6 - 4))?
-4
What is (2 - 3) + 1 + -2?
-2
What is the value of (1 - (3 + (1 - 3))) + 3?
3
(3 + 7 - 5) + 1
6
-6 - 1 - (-8 - -3)
-2
Calculate 6 + 6 + -8 + -4 + 4.
4
What is the value of 6 - 1 - (-23 - -26)?
2
What is the value of 2 + (-2 - (-6 + 5))?
1
Evaluate -1 + 7 - (10 - 0) - 0.
-4
Evaluate -2 + 1 + 14 + (-6 - -1).
8
-7 + -7 + (15 - 7)
-6
Evaluate 4 - (-1 - (-5 - -1)).
1
What is 1 - (6 - (3 + 1 + -4))?
-5
0 + -5 - (-14 - -14) - -3
-2
Calculate (9 - 6) + (-3 - 3).
-3
What is the value of -13 - (-3 + -19 + 11)?
-2
What is the value of (3 + -18 - -5) + 5?
-5
Evaluate 5 + (-18 - -8) + 10.
5
What is the value of 1 + (2 - (2 - (-1 - 0)))?
0
Calculate (12 - 9) + -2 + 0.
1
Calculate -8 + 4 - (1 - 1).
-4
Calculate (-2 - -7) + -10 + 4.
-1
What is the value of 0 + (0 - 1 - -6)?
5
Evaluate -3 + 8 + -6 + 6.
5
What is the value of -1 - -4 - (-16 + 22)?
-3
What is 2 + (0 + 7 - 17)?
-8
-3 + (-2 - -2) + -7 + 14
4
7 - (-12 - -9) - 8
2
Evaluate (1 - 1 - -3) + (-5 - -2).
0
Evaluate -4 - (5 + -7 + (3 - 0)).
-5
Evaluate -6 + -3 + 3 + (9 - 0).
3
(-1 - -4 - 4) + -4
-5
Evaluate (-3 - (1 + -2)) + -1.
-3
What is -30 - -23 - (-1 - 3)?
-3
Evaluate -2 - (-13 + -3 + 8).
6
14 + -17 + (-2 - 1)
-6
Evaluate -4 - (-7 - (-4 + -4 + 4)).
-1
Calculate -7 + -1 + 4 - (1 + -2).
-3
Evaluate (18 - 7) + -4 + -2.
5
Evaluate -1 + (-2 - (-7 - -2)) + -2.
0
Evaluate 8 + -3 - (1 + -2 - -11).
-5
What is the value of -3 + (-2 - (-6 - -6))?
-5
Calculate -1 - (-5 - -2 - (37 - 35)).
4
Evaluate -3 + -6 + 3 -